{"id":47,"date":"2021-06-14T23:29:54","date_gmt":"2021-06-14T21:29:54","guid":{"rendered":"https:\/\/jeuxcachan.fr\/?page_id=47"},"modified":"2023-04-15T15:17:16","modified_gmt":"2023-04-15T13:17:16","slug":"presentation","status":"publish","type":"page","link":"https:\/\/jeuxcachan.fr\/?page_id=47","title":{"rendered":"Pr\u00e9sentation"},"content":{"rendered":"\n<p>Nous sommes un groupe de joyeux lurons qui aimons nous r\u00e9unir autour de jeux de soci\u00e9t\u00e9. Notre activit\u00e9 est gratuite et ouverte \u00e0 tous ceux qui ont au moins 12 ans, qu\u2019ils viennent de Cachan, de Val de Marne, ou d\u2019ailleurs! Si vous voulez venir tr\u00e8s r\u00e9guli\u00e8rement, on vous demandera de vous acquitter de l\u2019inscription annuelle \u00e0 la Maison Coust\u00e9 de 10\u20ac (d\u00e9gressif pour les familles), ainsi que d\u2019une cotisation de 20\u20ac.<\/p>\n\n\n\n<p>Le rendez vous? Tous les Mercredis soir de 20h \u00e0 Minuit \u00e0 la <a href=\"https:\/\/www.agaescc.fr\/la-maison-couste\" data-type=\"URL\" data-id=\"https:\/\/www.agaescc.fr\/la-maison-couste\"><img loading=\"lazy\" width=\"300\" height=\"114\" class=\"wp-image-55\" style=\"width: 150px;\" src=\"http:\/\/jeuxcachan.fr\/wp-content\/uploads\/2021\/06\/LOGO_Maison_Coust-300x114-1.jpg\" alt=\"\"><\/a><\/p>\n\n\n\n<p>Nos jeux peuvent \u00eatre \u00ab\u00a0d\u2019ambiance\u00a0\u00bb o\u00f9 le mot d\u2019ordre est de bien d\u00e9conner pendant une demi-heure, ou bien tr\u00e8s \u00ab\u00a0strat\u00e9giques\u00a0\u00bb (1h30 pour la plupart, jusqu&#8217;\u00e0 3h30). L\u2019id\u00e9e est de recr\u00e9er ces petits rassemblements habituellement familiaux (ou entre amis) de d\u00e9tente et de plaisir, afin de combattre notre soci\u00e9t\u00e9 si personnelle.<\/p>\n\n\n\n<p>Ne pensez pas que ce sont \u00ab&nbsp;des jeux donc ce n\u2019est que pour les enfants&nbsp;\u00bb. Non, cela s\u2019adresse \u00e0 des adultes, et vous allez \u00eatre surpris!<\/p>\n\n\n\n<p>Ne pensez pas non plus \u00ab&nbsp;c\u2019est trop compliqu\u00e9&nbsp;\u00bb ou \u00ab&nbsp;je suis trop vieux pour \u00e7a&nbsp;\u00bb. Nos jeux sont toujours expliqu\u00e9s par des joueurs passionn\u00e9s, qui vous donnerons des conseils utiles. Ce ne sont pas non plus des jeux o\u00f9 il faut pratiquer pour gagner (comme les \u00e9checs ou la belote), et il arrive bien souvent que ce soit un nouveau joueur qui gagne la partie !<\/p>\n\n\n\n<p>De plus il y en a pour tous les gouts! Du troc, \u00e0 l\u2019optimisation, en passant par le classique wargame, ou encore la collaboration et l&#8217;escape game, tous nos jeux mettent l\u2019accent sur l\u2019interaction entre les joueurs!<\/p>\n\n\n\n<p>Nous avons aussi nos groupuscules de joueurs de jeux de carte de collection (Magic) ou de Go.<\/p>\n\n\n\n<p><\/p>\n\n\n\n<iframe src=\"https:\/\/www.google.com\/maps\/embed?pb=!1m14!1m8!1m3!1d10513.144821869724!2d2.337742!3d48.795516!3m2!1i1024!2i768!4f13.1!3m3!1m2!1s0x47e6713fc37e5ded%3A0x4f6068e85f688c2b!2s19%20Rue%20Coust%C3%A9%2C%2094230%20Cachan%2C%20France!5e0!3m2!1sfr!2sus!4v1623707140105!5m2!1sfr!2sus\" style=\"border:0;\" allowfullscreen=\"\" loading=\"lazy\" width=\"600\" height=\"450\"><\/iframe>\n\n\n\n<p><\/p>\n","protected":false},"excerpt":{"rendered":"<p>Nous sommes un groupe de joyeux lurons qui aimons nous r\u00e9unir autour de jeux de soci\u00e9t\u00e9. Notre activit\u00e9 est gratuite et ouverte \u00e0 tous ceux qui ont au moins 12 ans, qu\u2019ils viennent de Cachan, de Val de Marne, ou d\u2019ailleurs! Si vous voulez venir tr\u00e8s r\u00e9guli\u00e8rement, on vous demandera de vous acquitter de l\u2019inscription [&hellip;]<\/p>\n","protected":false},"author":1,"featured_media":0,"parent":0,"menu_order":0,"comment_status":"closed","ping_status":"closed","template":"","meta":[],"_links":{"self":[{"href":"https:\/\/jeuxcachan.fr\/index.php?rest_route=\/wp\/v2\/pages\/47"}],"collection":[{"href":"https:\/\/jeuxcachan.fr\/index.php?rest_route=\/wp\/v2\/pages"}],"about":[{"href":"https:\/\/jeuxcachan.fr\/index.php?rest_route=\/wp\/v2\/types\/page"}],"author":[{"embeddable":true,"href":"https:\/\/jeuxcachan.fr\/index.php?rest_route=\/wp\/v2\/users\/1"}],"replies":[{"embeddable":true,"href":"https:\/\/jeuxcachan.fr\/index.php?rest_route=%2Fwp%2Fv2%2Fcomments&post=47"}],"version-history":[{"count":9,"href":"https:\/\/jeuxcachan.fr\/index.php?rest_route=\/wp\/v2\/pages\/47\/revisions"}],"predecessor-version":[{"id":127,"href":"https:\/\/jeuxcachan.fr\/index.php?rest_route=\/wp\/v2\/pages\/47\/revisions\/127"}],"wp:attachment":[{"href":"https:\/\/jeuxcachan.fr\/index.php?rest_route=%2Fwp%2Fv2%2Fmedia&parent=47"}],"curies":[{"name":"wp","href":"https:\/\/api.w.org\/{rel}","templated":true}]}}